{"id":26,"date":"2025-11-04T13:56:45","date_gmt":"2025-11-04T12:56:45","guid":{"rendered":"https:\/\/cubekolesa.splet.arnes.si\/?page_id=26"},"modified":"2025-11-04T13:56:45","modified_gmt":"2025-11-04T12:56:45","slug":"","status":"publish","type":"page","link":"https:\/\/cubekolesa.splet.arnes.si\/?page_id=26","title":{"rendered":"STEREO HYBRID 140"},"content":{"rendered":"\n<p>Velika baterija 750 Wh + mo\u010dan motor (85 Nm) pomenita, da bo\u0161 lahko vozil dolge ture in premagoval zahtevne vzpone brez hitrega praznjenja baterije.<\/p>\n\n\n\n<p>Dober kompromis med vzmetenjem in agilnostjo \u2014 150 mm spredaj \/ 140 mm zadaj je dovolj za spuste in tehni\u010dno vo\u017enjo, hkrati pa dovolj odzivno za trail.<\/p>\n\n\n\n<p>Vsestranskost \u2014 robustne zavore, \u0161iroki pla\u0161\u010di, dropper seatpost \u2014 vse to naredi kolo primerno za raznolik teren, ne samo za la\u017eje poti.<\/p>\n\n\n\n<p>Kakovostna izvedba okvirja (carbon spredaj, aluminij zadaj) z notranjim vodenjem kablov in zamenljivim obe\u0161alnikom (UDH) pomeni la\u017eje vzdr\u017eevanje, manj tveganja za po\u0161kodbe komponent in lep\u0161i izgled okvirja.<\/p>\n\n\n\n<p>Te\u017ea 24,4\u201124,5 kg je za elektri\u010dno polnovzmeteno kolo te zmogljivosti dokaj pri\u010dakovana; ni ekstremno lahka, vendar razumljiva glede na opremo in baterijo.<\/p>\n\n\n\n<figure class=\"wp-block-image size-large\"><img loading=\"lazy\" decoding=\"async\" width=\"1024\" height=\"682\" src=\"https:\/\/cubekolesa.splet.arnes.si\/files\/2025\/11\/image-1-1024x682.png\" alt=\"\" class=\"wp-image-14\" srcset=\"https:\/\/cubekolesa.splet.arnes.si\/files\/2025\/11\/image-1-1024x682.png 1024w, https:\/\/cubekolesa.splet.arnes.si\/files\/2025\/11\/image-1-300x200.png 300w, https:\/\/cubekolesa.splet.arnes.si\/files\/2025\/11\/image-1-768x512.png 768w, https:\/\/cubekolesa.splet.arnes.si\/files\/2025\/11\/image-1-1536x1024.png 1536w, https:\/\/cubekolesa.splet.arnes.si\/files\/2025\/11\/image-1-450x300.png 450w, https:\/\/cubekolesa.splet.arnes.si\/files\/2025\/11\/image-1.png 2000w\" sizes=\"auto, (max-width: 1024px) 100vw, 1024px\" \/><\/figure>\n","protected":false},"excerpt":{"rendered":"<p>Velika baterija 750 Wh + mo\u010dan motor (85 Nm) pomenita, da bo\u0161 lahko vozil dolge ture in premagoval zahtevne vzpone brez hitrega praznjenja baterije. Dober kompromis med vzmetenjem in agilnostjo \u2014 150 mm spredaj \/ 140 mm zadaj je dovolj &hellip; <a href=\"https:\/\/cubekolesa.splet.arnes.si\/?page_id=26\">Beri naprej <span class=\"meta-nav\">&rarr;<\/span><\/a><\/p>\n","protected":false},"author":71417,"featured_media":0,"parent":0,"menu_order":0,"comment_status":"closed","ping_status":"closed","template":"","meta":{"footnotes":""},"class_list":["post-26","page","type-page","status-publish","hentry"],"_links":{"self":[{"href":"https:\/\/cubekolesa.splet.arnes.si\/index.php?rest_route=\/wp\/v2\/pages\/26","targetHints":{"allow":["GET"]}}],"collection":[{"href":"https:\/\/cubekolesa.splet.arnes.si\/index.php?rest_route=\/wp\/v2\/pages"}],"about":[{"href":"https:\/\/cubekolesa.splet.arnes.si\/index.php?rest_route=\/wp\/v2\/types\/page"}],"author":[{"embeddable":true,"href":"https:\/\/cubekolesa.splet.arnes.si\/index.php?rest_route=\/wp\/v2\/users\/71417"}],"replies":[{"embeddable":true,"href":"https:\/\/cubekolesa.splet.arnes.si\/index.php?rest_route=%2Fwp%2Fv2%2Fcomments&post=26"}],"version-history":[{"count":3,"href":"https:\/\/cubekolesa.splet.arnes.si\/index.php?rest_route=\/wp\/v2\/pages\/26\/revisions"}],"predecessor-version":[{"id":29,"href":"https:\/\/cubekolesa.splet.arnes.si\/index.php?rest_route=\/wp\/v2\/pages\/26\/revisions\/29"}],"wp:attachment":[{"href":"https:\/\/cubekolesa.splet.arnes.si\/index.php?rest_route=%2Fwp%2Fv2%2Fmedia&parent=26"}],"curies":[{"name":"wp","href":"https:\/\/api.w.org\/{rel}","templated":true}]}}