{"id":69,"date":"2025-11-11T13:10:45","date_gmt":"2025-11-11T12:10:45","guid":{"rendered":"https:\/\/cubekolesa.splet.arnes.si\/?page_id=69"},"modified":"2025-11-11T13:10:45","modified_gmt":"2025-11-11T12:10:45","slug":"","status":"publish","type":"page","link":"https:\/\/cubekolesa.splet.arnes.si\/?page_id=69","title":{"rendered":"O\u010cALA"},"content":{"rendered":"\n<p>Kolesarska o\u010dala na profesionalnih kolesarjih v\u010dasih izgledajo prav futuristi\u010dno, v resnici pa gre za pomemben del za\u0161\u010ditne opreme, ki se jo priporo\u010da razli\u010dnim vrstam kolesarjev. In kar preseneti mnoge, priporo\u010da se jih za kolesarjenje preko celega leta.<\/p>\n\n\n\n<figure class=\"wp-block-image size-full is-resized\"><img loading=\"lazy\" decoding=\"async\" width=\"690\" height=\"690\" src=\"https:\/\/cubekolesa.splet.arnes.si\/files\/2025\/11\/image-12.png\" alt=\"\" class=\"wp-image-77\" style=\"width:457px;height:auto\" srcset=\"https:\/\/cubekolesa.splet.arnes.si\/files\/2025\/11\/image-12.png 690w, https:\/\/cubekolesa.splet.arnes.si\/files\/2025\/11\/image-12-300x300.png 300w, https:\/\/cubekolesa.splet.arnes.si\/files\/2025\/11\/image-12-150x150.png 150w\" sizes=\"auto, (max-width: 690px) 100vw, 690px\" \/><\/figure>\n","protected":false},"excerpt":{"rendered":"<p>Kolesarska o\u010dala na profesionalnih kolesarjih v\u010dasih izgledajo prav futuristi\u010dno, v resnici pa gre za pomemben del za\u0161\u010ditne opreme, ki se jo priporo\u010da razli\u010dnim vrstam kolesarjev. In kar preseneti mnoge, priporo\u010da se jih za kolesarjenje preko celega leta.<\/p>\n","protected":false},"author":71417,"featured_media":0,"parent":0,"menu_order":0,"comment_status":"closed","ping_status":"closed","template":"","meta":{"footnotes":""},"class_list":["post-69","page","type-page","status-publish","hentry"],"_links":{"self":[{"href":"https:\/\/cubekolesa.splet.arnes.si\/index.php?rest_route=\/wp\/v2\/pages\/69","targetHints":{"allow":["GET"]}}],"collection":[{"href":"https:\/\/cubekolesa.splet.arnes.si\/index.php?rest_route=\/wp\/v2\/pages"}],"about":[{"href":"https:\/\/cubekolesa.splet.arnes.si\/index.php?rest_route=\/wp\/v2\/types\/page"}],"author":[{"embeddable":true,"href":"https:\/\/cubekolesa.splet.arnes.si\/index.php?rest_route=\/wp\/v2\/users\/71417"}],"replies":[{"embeddable":true,"href":"https:\/\/cubekolesa.splet.arnes.si\/index.php?rest_route=%2Fwp%2Fv2%2Fcomments&post=69"}],"version-history":[{"count":2,"href":"https:\/\/cubekolesa.splet.arnes.si\/index.php?rest_route=\/wp\/v2\/pages\/69\/revisions"}],"predecessor-version":[{"id":78,"href":"https:\/\/cubekolesa.splet.arnes.si\/index.php?rest_route=\/wp\/v2\/pages\/69\/revisions\/78"}],"wp:attachment":[{"href":"https:\/\/cubekolesa.splet.arnes.si\/index.php?rest_route=%2Fwp%2Fv2%2Fmedia&parent=69"}],"curies":[{"name":"wp","href":"https:\/\/api.w.org\/{rel}","templated":true}]}}