{"id":94,"date":"2025-11-11T13:27:09","date_gmt":"2025-11-11T12:27:09","guid":{"rendered":"https:\/\/cubekolesa.splet.arnes.si\/?page_id=94"},"modified":"2025-11-11T13:27:09","modified_gmt":"2025-11-11T12:27:09","slug":"","status":"publish","type":"page","link":"https:\/\/cubekolesa.splet.arnes.si\/?page_id=94","title":{"rendered":"CUBE ATTAIN RACE"},"content":{"rendered":"\n<p>Za kolesarja, ki \u017eeli resno cestno kolo, ki je hkrati udobno za dalj\u0161e ture, lahko pa tudi ob\u010dasno \u201czagre\u0161i\u201d z nekoliko ve\u010dje hitrosti.<\/p>\n\n\n\n<p>Za tiste, ki ne \u017eelijo \u201cnajdra\u017ejega\u201d mo\u017enega modela, ampak i\u0161\u010dejo dobro ravnovesje med ceno, zmogljivostjo in vsestranskost.<\/p>\n\n\n\n<p>\u010ce navadno kolesari\u0161 po asfaltu, morda z nekoliko grob\u0161o povr\u0161ino ob\u010dasno, in \u017eeli\u0161 kolo, ki lahko opravi \u201cdolge\u201d ture, pa ne \u017eeli\u0161 kompromisov pri udobju.<\/p>\n\n\n\n<p>\u010ce pa je tvoja glavna dejavnost tekmovalna cestna vo\u017enja ali \u017eeli\u0161 ultra-lahko konstrukcijo ali ekstremno dirkalno geometrijo, potem bi morda pogledal \u201cgor\u201d \u0161e en razred vi\u0161je.<\/p>\n\n\n\n<figure class=\"wp-block-image size-large\"><img loading=\"lazy\" decoding=\"async\" width=\"1024\" height=\"683\" src=\"https:\/\/cubekolesa.splet.arnes.si\/files\/2025\/11\/image-16-1024x683.png\" alt=\"\" class=\"wp-image-97\" srcset=\"https:\/\/cubekolesa.splet.arnes.si\/files\/2025\/11\/image-16-1024x683.png 1024w, https:\/\/cubekolesa.splet.arnes.si\/files\/2025\/11\/image-16-300x200.png 300w, https:\/\/cubekolesa.splet.arnes.si\/files\/2025\/11\/image-16-768x512.png 768w, https:\/\/cubekolesa.splet.arnes.si\/files\/2025\/11\/image-16-450x300.png 450w, https:\/\/cubekolesa.splet.arnes.si\/files\/2025\/11\/image-16.png 1200w\" sizes=\"auto, (max-width: 1024px) 100vw, 1024px\" \/><\/figure>\n","protected":false},"excerpt":{"rendered":"<p>Za kolesarja, ki \u017eeli resno cestno kolo, ki je hkrati udobno za dalj\u0161e ture, lahko pa tudi ob\u010dasno \u201czagre\u0161i\u201d z nekoliko ve\u010dje hitrosti. Za tiste, ki ne \u017eelijo \u201cnajdra\u017ejega\u201d mo\u017enega modela, ampak i\u0161\u010dejo dobro ravnovesje med ceno, zmogljivostjo in vsestranskost. &hellip; <a href=\"https:\/\/cubekolesa.splet.arnes.si\/?page_id=94\">Beri naprej <span class=\"meta-nav\">&rarr;<\/span><\/a><\/p>\n","protected":false},"author":71417,"featured_media":0,"parent":0,"menu_order":0,"comment_status":"closed","ping_status":"closed","template":"","meta":{"footnotes":""},"class_list":["post-94","page","type-page","status-publish","hentry"],"_links":{"self":[{"href":"https:\/\/cubekolesa.splet.arnes.si\/index.php?rest_route=\/wp\/v2\/pages\/94","targetHints":{"allow":["GET"]}}],"collection":[{"href":"https:\/\/cubekolesa.splet.arnes.si\/index.php?rest_route=\/wp\/v2\/pages"}],"about":[{"href":"https:\/\/cubekolesa.splet.arnes.si\/index.php?rest_route=\/wp\/v2\/types\/page"}],"author":[{"embeddable":true,"href":"https:\/\/cubekolesa.splet.arnes.si\/index.php?rest_route=\/wp\/v2\/users\/71417"}],"replies":[{"embeddable":true,"href":"https:\/\/cubekolesa.splet.arnes.si\/index.php?rest_route=%2Fwp%2Fv2%2Fcomments&post=94"}],"version-history":[{"count":3,"href":"https:\/\/cubekolesa.splet.arnes.si\/index.php?rest_route=\/wp\/v2\/pages\/94\/revisions"}],"predecessor-version":[{"id":98,"href":"https:\/\/cubekolesa.splet.arnes.si\/index.php?rest_route=\/wp\/v2\/pages\/94\/revisions\/98"}],"wp:attachment":[{"href":"https:\/\/cubekolesa.splet.arnes.si\/index.php?rest_route=%2Fwp%2Fv2%2Fmedia&parent=94"}],"curies":[{"name":"wp","href":"https:\/\/api.w.org\/{rel}","templated":true}]}}